{"id":2566,"date":"2020-11-12T14:56:35","date_gmt":"2020-11-12T19:56:35","guid":{"rendered":"https:\/\/gadreventador.gob.ec\/?page_id=2566"},"modified":"2020-11-12T15:23:15","modified_gmt":"2020-11-12T20:23:15","slug":"archivo-fotografico-administracion-2019-2023","status":"publish","type":"page","link":"https:\/\/gadreventador.gob.ec\/?page_id=2566","title":{"rendered":"Archivo fotogr\u00e1fico Administraci\u00f3n 2019-2023"},"content":{"rendered":"\n<figure class=\"wp-block-image size-large\"><img loading=\"lazy\" decoding=\"async\" width=\"1024\" height=\"768\" src=\"https:\/\/gadreventador.gob.ec\/wp-content\/uploads\/2020\/11\/IMG-20201028-WA0055-1-1024x768.jpg\" alt=\"\" class=\"wp-image-2578\" srcset=\"https:\/\/gadreventador.gob.ec\/wp-content\/uploads\/2020\/11\/IMG-20201028-WA0055-1-1024x768.jpg 1024w, https:\/\/gadreventador.gob.ec\/wp-content\/uploads\/2020\/11\/IMG-20201028-WA0055-1-300x225.jpg 300w, https:\/\/gadreventador.gob.ec\/wp-content\/uploads\/2020\/11\/IMG-20201028-WA0055-1-768x576.jpg 768w, https:\/\/gadreventador.gob.ec\/wp-content\/uploads\/2020\/11\/IMG-20201028-WA0055-1.jpg 1280w\" sizes=\"auto, (max-width: 1024px) 100vw, 1024px\" \/><figcaption>  <strong>  <\/strong> <strong>MARCO<\/strong> <strong>JUR\u00cdDICO<\/strong> <strong>QUE NORMA<\/strong> <strong>LA RENDICI\u00d3N DE<\/strong> <strong>CUENTAS<\/strong> <strong>AL<\/strong> <strong>PUEBLO<\/strong>  <br>Considerando y en cumplimiento a lo dispuesto en el Art. 100 numeral 4 de la Constituci\u00f3n de la Republica del Ecuador, Art. 88, 90, 92 y 95, de la Ley Org\u00e1nica \u00a0de Participaci\u00f3n Ciudadana (LOPC); Art. 266 y 302 del C\u00f3digo \u00a0Org\u00e1nico \u00a0de \u00a0Organizaci\u00f3n\u00a0 Territorial Autonom\u00eda y Descentralizaci\u00f3n (COOTAD) .<br> <strong>MARCO JUR\u00cdDICO QUE NORMA LOS PRESUPUESTOS PARTICIPATIVOS JUNTO AL PUEBLO<\/strong><br>En cumplimiento a lo dispuesto a los art\u00edculos 67,68,69,70 y 71 de la ley org\u00e1nica de participaci\u00f3n ciudadana; y art\u00edculos 238,240 y 241 del c\u00f3digo org\u00e1nico de organizaci\u00f3n territorial autonom\u00edas y descentralizaci\u00f3n (COOTAD), que dispone a formular presupuestos participativos de manera conjunta con la ciudadan\u00eda.     <\/figcaption><\/figure>\n\n\n\n<figure class=\"wp-block-image size-large\"><img loading=\"lazy\" decoding=\"async\" width=\"1024\" height=\"768\" src=\"https:\/\/gadreventador.gob.ec\/wp-content\/uploads\/2020\/11\/IMG-20201028-WA0056-1-1024x768.jpg\" alt=\"\" class=\"wp-image-2579\" srcset=\"https:\/\/gadreventador.gob.ec\/wp-content\/uploads\/2020\/11\/IMG-20201028-WA0056-1-1024x768.jpg 1024w, https:\/\/gadreventador.gob.ec\/wp-content\/uploads\/2020\/11\/IMG-20201028-WA0056-1-300x225.jpg 300w, https:\/\/gadreventador.gob.ec\/wp-content\/uploads\/2020\/11\/IMG-20201028-WA0056-1-768x576.jpg 768w, https:\/\/gadreventador.gob.ec\/wp-content\/uploads\/2020\/11\/IMG-20201028-WA0056-1.jpg 1280w\" sizes=\"auto, (max-width: 1024px) 100vw, 1024px\" \/><figcaption> <strong>MARCO<\/strong> <strong>JUR\u00cdDICO<\/strong> <strong>QUE NORMA<\/strong> <strong>LA RENDICI\u00d3N DE<\/strong> <strong>CUENTAS<\/strong> <strong>AL<\/strong> <strong>PUEBLO<\/strong>  <br>Considerando y en cumplimiento a lo dispuesto en el Art. 100 numeral 4 de la Constituci\u00f3n de la Republica del Ecuador, Art. 88, 90, 92 y 95, de la Ley Org\u00e1nica \u00a0de Participaci\u00f3n Ciudadana (LOPC); Art. 266 y 302 del C\u00f3digo \u00a0Org\u00e1nico \u00a0de \u00a0Organizaci\u00f3n\u00a0 Territorial Autonom\u00eda y Descentralizaci\u00f3n (COOTAD) .<br><strong>  MARCO JUR\u00cdDICO QUE NORMA LOS PRESUPUESTOS PARTICIPATIVOS JUNTO AL PUEBLO<\/strong><br>En cumplimiento a lo dispuesto a los art\u00edculos 67,68,69,70 y 71 de la ley org\u00e1nica de participaci\u00f3n ciudadana; y art\u00edculos 238,240 y 241 del c\u00f3digo org\u00e1nico de organizaci\u00f3n territorial autonom\u00edas y descentralizaci\u00f3n (COOTAD), que dispone a formular presupuestos participativos de manera conjunta con la ciudadan\u00eda.   <\/figcaption><\/figure>\n\n\n\n<figure class=\"wp-block-image size-large\"><img loading=\"lazy\" decoding=\"async\" width=\"1024\" height=\"768\" src=\"https:\/\/gadreventador.gob.ec\/wp-content\/uploads\/2020\/11\/IMG-20201028-WA0083-1024x768.jpg\" alt=\"\" class=\"wp-image-2576\" srcset=\"https:\/\/gadreventador.gob.ec\/wp-content\/uploads\/2020\/11\/IMG-20201028-WA0083-1024x768.jpg 1024w, https:\/\/gadreventador.gob.ec\/wp-content\/uploads\/2020\/11\/IMG-20201028-WA0083-300x225.jpg 300w, https:\/\/gadreventador.gob.ec\/wp-content\/uploads\/2020\/11\/IMG-20201028-WA0083-768x576.jpg 768w, https:\/\/gadreventador.gob.ec\/wp-content\/uploads\/2020\/11\/IMG-20201028-WA0083.jpg 1280w\" sizes=\"auto, (max-width: 1024px) 100vw, 1024px\" \/><figcaption> <strong>MARCO<\/strong> <strong>JUR\u00cdDICO<\/strong> <strong>QUE NORMA<\/strong> <strong>LA RENDICI\u00d3N DE<\/strong> <strong>CUENTAS<\/strong> <strong>AL<\/strong> <strong>PUEBLO<\/strong>  <br>Considerando y en cumplimiento a lo dispuesto en el Art. 100 numeral 4 de la Constituci\u00f3n de la Republica del Ecuador, Art. 88, 90, 92 y 95, de la Ley Org\u00e1nica \u00a0de Participaci\u00f3n Ciudadana (LOPC); Art. 266 y 302 del C\u00f3digo \u00a0Org\u00e1nico \u00a0de \u00a0Organizaci\u00f3n\u00a0 Territorial Autonom\u00eda y Descentralizaci\u00f3n (COOTAD) .<br><strong>  MARCO JUR\u00cdDICO QUE NORMA LOS PRESUPUESTOS PARTICIPATIVOS JUNTO AL PUEBLO<\/strong><br>En cumplimiento a lo dispuesto a los art\u00edculos 67,68,69,70 y 71 de la ley org\u00e1nica de participaci\u00f3n ciudadana; y art\u00edculos 238,240 y 241 del c\u00f3digo org\u00e1nico de organizaci\u00f3n territorial autonom\u00edas y descentralizaci\u00f3n (COOTAD), que dispone a formular presupuestos participativos de manera conjunta con la ciudadan\u00eda.   <\/figcaption><\/figure>\n\n\n\n<figure class=\"wp-block-image size-large\"><img loading=\"lazy\" decoding=\"async\" width=\"1024\" height=\"768\" src=\"https:\/\/gadreventador.gob.ec\/wp-content\/uploads\/2020\/11\/IMG-20201028-WA0058-1024x768.jpg\" alt=\"\" class=\"wp-image-2571\" srcset=\"https:\/\/gadreventador.gob.ec\/wp-content\/uploads\/2020\/11\/IMG-20201028-WA0058-1024x768.jpg 1024w, https:\/\/gadreventador.gob.ec\/wp-content\/uploads\/2020\/11\/IMG-20201028-WA0058-300x225.jpg 300w, https:\/\/gadreventador.gob.ec\/wp-content\/uploads\/2020\/11\/IMG-20201028-WA0058-768x576.jpg 768w, https:\/\/gadreventador.gob.ec\/wp-content\/uploads\/2020\/11\/IMG-20201028-WA0058.jpg 1280w\" sizes=\"auto, (max-width: 1024px) 100vw, 1024px\" \/><figcaption> M<strong>ARCO<\/strong> <strong>JUR\u00cdDICO<\/strong> <strong>QUE NORMA<\/strong> <strong>LA RENDICI\u00d3N DE<\/strong> <strong>CUENTAS<\/strong> <strong>AL<\/strong> <strong>PUEBLO<\/strong>  <br>Considerando y en cumplimiento a lo dispuesto en el Art. 100 numeral 4 de la Constituci\u00f3n de la Republica del Ecuador, Art. 88, 90, 92 y 95, de la Ley Org\u00e1nica \u00a0de Participaci\u00f3n Ciudadana (LOPC); Art. 266 y 302 del C\u00f3digo \u00a0Org\u00e1nico \u00a0de \u00a0Organizaci\u00f3n\u00a0 Territorial Autonom\u00eda y Descentralizaci\u00f3n (COOTAD) .<br><strong>  MARCO JUR\u00cdDICO QUE NORMA LOS PRESUPUESTOS PARTICIPATIVOS JUNTO AL PUEBLO<\/strong><br>En cumplimiento a lo dispuesto a los art\u00edculos 67,68,69,70 y 71 de la ley org\u00e1nica de participaci\u00f3n ciudadana; y art\u00edculos 238,240 y 241 del c\u00f3digo org\u00e1nico de organizaci\u00f3n territorial autonom\u00edas y descentralizaci\u00f3n (COOTAD), que dispone a formular presupuestos participativos de manera conjunta con la ciudadan\u00eda.   <\/figcaption><\/figure>\n\n\n\n<figure class=\"wp-block-image size-large\"><img loading=\"lazy\" decoding=\"async\" width=\"1024\" height=\"768\" src=\"https:\/\/gadreventador.gob.ec\/wp-content\/uploads\/2020\/11\/IMG-20201028-WA0064-1024x768.jpg\" alt=\"\" class=\"wp-image-2575\" srcset=\"https:\/\/gadreventador.gob.ec\/wp-content\/uploads\/2020\/11\/IMG-20201028-WA0064-1024x768.jpg 1024w, https:\/\/gadreventador.gob.ec\/wp-content\/uploads\/2020\/11\/IMG-20201028-WA0064-300x225.jpg 300w, https:\/\/gadreventador.gob.ec\/wp-content\/uploads\/2020\/11\/IMG-20201028-WA0064-768x576.jpg 768w, https:\/\/gadreventador.gob.ec\/wp-content\/uploads\/2020\/11\/IMG-20201028-WA0064.jpg 1280w\" sizes=\"auto, (max-width: 1024px) 100vw, 1024px\" \/><figcaption> <strong>MARCO<\/strong> <strong>JUR\u00cdDICO<\/strong> <strong>QUE NORMA<\/strong> <strong>LA RENDICI\u00d3N DE<\/strong> <strong>CUENTAS<\/strong> <strong>AL<\/strong> <strong>PUEBLO<\/strong>  <br>Considerando y en cumplimiento a lo dispuesto en el Art. 100 numeral 4 de la Constituci\u00f3n de la Republica del Ecuador, Art. 88, 90, 92 y 95, de la Ley Org\u00e1nica \u00a0de Participaci\u00f3n Ciudadana (LOPC); Art. 266 y 302 del C\u00f3digo \u00a0Org\u00e1nico \u00a0de \u00a0Organizaci\u00f3n\u00a0 Territorial Autonom\u00eda y Descentralizaci\u00f3n (COOTAD) .<br><strong>  MARCO JUR\u00cdDICO QUE NORMA LOS PRESUPUESTOS PARTICIPATIVOS JUNTO AL PUEBLO<\/strong><br>En cumplimiento a lo dispuesto a los art\u00edculos 67,68,69,70 y 71 de la ley org\u00e1nica de participaci\u00f3n ciudadana; y art\u00edculos 238,240 y 241 del c\u00f3digo org\u00e1nico de organizaci\u00f3n territorial autonom\u00edas y descentralizaci\u00f3n (COOTAD), que dispone a formular presupuestos participativos de manera conjunta con la ciudadan\u00eda.   <\/figcaption><\/figure>\n\n\n\n<figure class=\"wp-block-image size-large\"><img loading=\"lazy\" decoding=\"async\" width=\"1024\" height=\"768\" src=\"https:\/\/gadreventador.gob.ec\/wp-content\/uploads\/2020\/11\/IMG-20201028-WA0061-1024x768.jpg\" alt=\"\" class=\"wp-image-2573\" srcset=\"https:\/\/gadreventador.gob.ec\/wp-content\/uploads\/2020\/11\/IMG-20201028-WA0061-1024x768.jpg 1024w, https:\/\/gadreventador.gob.ec\/wp-content\/uploads\/2020\/11\/IMG-20201028-WA0061-300x225.jpg 300w, https:\/\/gadreventador.gob.ec\/wp-content\/uploads\/2020\/11\/IMG-20201028-WA0061-768x576.jpg 768w, https:\/\/gadreventador.gob.ec\/wp-content\/uploads\/2020\/11\/IMG-20201028-WA0061.jpg 1280w\" sizes=\"auto, (max-width: 1024px) 100vw, 1024px\" \/><figcaption> <strong>MARCO<\/strong> <strong>JUR\u00cdDICO<\/strong> <strong>QUE NORMA<\/strong> <strong>LA RENDICI\u00d3N DE<\/strong> <strong>CUENTAS<\/strong> <strong>AL<\/strong> <strong>PUEBLO<\/strong>  <br>Considerando y en cumplimiento a lo dispuesto en el Art. 100 numeral 4 de la Constituci\u00f3n de la Republica del Ecuador, Art. 88, 90, 92 y 95, de la Ley Org\u00e1nica \u00a0de Participaci\u00f3n Ciudadana (LOPC); Art. 266 y 302 del C\u00f3digo \u00a0Org\u00e1nico \u00a0de \u00a0Organizaci\u00f3n\u00a0 Territorial Autonom\u00eda y Descentralizaci\u00f3n (COOTAD) .<br><strong>  MARCO JUR\u00cdDICO QUE NORMA LOS PRESUPUESTOS PARTICIPATIVOS JUNTO AL PUEBLO<\/strong><br>En cumplimiento a lo dispuesto a los art\u00edculos 67,68,69,70 y 71 de la ley org\u00e1nica de participaci\u00f3n ciudadana; y art\u00edculos 238,240 y 241 del c\u00f3digo org\u00e1nico de organizaci\u00f3n territorial autonom\u00edas y descentralizaci\u00f3n (COOTAD), que dispone a formular presupuestos participativos de manera conjunta con la ciudadan\u00eda.  <\/figcaption><\/figure>\n","protected":false},"excerpt":{"rendered":"","protected":false},"author":1,"featured_media":0,"parent":59,"menu_order":0,"comment_status":"closed","ping_status":"closed","template":"","meta":{"footnotes":""},"class_list":["post-2566","page","type-page","status-publish","hentry"],"_links":{"self":[{"href":"https:\/\/gadreventador.gob.ec\/index.php?rest_route=\/wp\/v2\/pages\/2566","targetHints":{"allow":["GET"]}}],"collection":[{"href":"https:\/\/gadreventador.gob.ec\/index.php?rest_route=\/wp\/v2\/pages"}],"about":[{"href":"https:\/\/gadreventador.gob.ec\/index.php?rest_route=\/wp\/v2\/types\/page"}],"author":[{"embeddable":true,"href":"https:\/\/gadreventador.gob.ec\/index.php?rest_route=\/wp\/v2\/users\/1"}],"replies":[{"embeddable":true,"href":"https:\/\/gadreventador.gob.ec\/index.php?rest_route=%2Fwp%2Fv2%2Fcomments&post=2566"}],"version-history":[{"count":4,"href":"https:\/\/gadreventador.gob.ec\/index.php?rest_route=\/wp\/v2\/pages\/2566\/revisions"}],"predecessor-version":[{"id":2581,"href":"https:\/\/gadreventador.gob.ec\/index.php?rest_route=\/wp\/v2\/pages\/2566\/revisions\/2581"}],"up":[{"embeddable":true,"href":"https:\/\/gadreventador.gob.ec\/index.php?rest_route=\/wp\/v2\/pages\/59"}],"wp:attachment":[{"href":"https:\/\/gadreventador.gob.ec\/index.php?rest_route=%2Fwp%2Fv2%2Fmedia&parent=2566"}],"curies":[{"name":"wp","href":"https:\/\/api.w.org\/{rel}","templated":true}]}}